(-2)/4 + -3.
3
Let b = -111 - -239. Let c be (-55 - 2)*2/(-3). Suppose -4*i + 0*j = -4*j - b, i = -j + c. Calculate the remainder when i is divided by 12.
11
Let a = 2 + -4. Let f = a - -13. What is the remainder when f is divided by 2*-2*(-5 - -4)?
3
Let a = -20 + 24. What is the remainder when 7 is divided by a?
3
Suppose 3*p - 559 = -i, -4*i + 2*i = 4*p - 1114. Suppose 0 = -3*k - 4*k + i. What is the remainder when k is divided by 20?
19
Let b = 37 + -20. Suppose -3*p - 3*y - 18 = 0, -2*y + 1 = -2*p + 5. Let v(r) = 2*r**2 + r. Calculate the remainder when b is divided by v(p).
5
Suppose 0 = 41*y - 33*y - 32. What is the remainder when 19 is divided by y?
3
Suppose 0*l = -l + 15. Suppose 5*k - 20 = l. What is the remainder when 11 is divided by (5 + 2)*6/k?
5
Let f(p) = -p**2 + 18*p + 19. Let y be f(15). Suppose 0*z = -4*z + y. What is the remainder when 47 is divided by z?
15
Let t = -93 + 183. What is the remainder when t is divided by 24?
18
Let m(s) = 19*s**2 - s + 1. Let b be m(1). Suppose 4*w = -y + b, -3*y + 5*w = 5 + 6. Calculate the remainder when 54 is divided by (9 - 2)*(y - 1).
12
Let t(r) = r + 8. Let h be t(-5). Suppose -2*n + 17 = -n + h*u, 73 = 3*n - 2*u. Let q(z) = 9*z**3 - 2*z**2 + z. What is the remainder when n is divided by q(1)?
7
Let d = 13 + -11. Suppose -u + 3 = d*u. Suppose -2*a - 3 = -3*a. What is the remainder when a is divided by u?
0
What is the remainder when (8/10)/(8/2620) - 1 is divided by 24?
21
Let x(p) = 2*p**3 + 0*p**2 + 2 - p**3 + 2*p + p**2 - 4. Suppose u - 86 = -2*g - 2*u, 2*g - 70 = 5*u. What is the remainder when g is divided by x(2)?
12
Calculate the remainder when 1 - -26 - (8 + -5) is divided by 9.
6
Let b = 10 - 8. Suppose s - 2*s - g + 14 = 0, -3*s = -b*g - 27. What is the remainder when 19 is divided by s?
8
What is the remainder when 53/2 + (-2)/4 is divided by 14?
12
Suppose 3*d - 11 = 7. Let x = 16 - 5. Calculate the remainder when x is divided by d.
5
Let m(p) = p + 8. Let c be m(-10). Calculate the remainder when 59 is divided by (80/(-30))/(c/15).
19
Let w(h) = -5*h + 1. Let b be w(-2). Calculate the remainder when (-2)/4 + b/2 is divided by 2.
1
Let g be 1*-2 - (-28)/4. Let n = 5 + g. Let s(z) = z**3 - 5*z**2 + 4*z - 2. Calculate the remainder when s(5) is divided by n.
8
What is the remainder when (-2 - (5 - 4)) + (61 - 0) is divided by 12?
10
Suppose 0 = -5*z + 20 + 5. Suppose -31 + 1 = -z*o. Calculate the remainder when 9 is divided by o.
3
Let n = 3 - 4. Let s(x) = -118*x**3 + x**2 - x - 1. Let f be s(n). Let w = f - 57. Calculate the remainder when w is divided by 16.
14
Let t = 20 - 13. Calculate the remainder when 19 is divided by t.
5
Suppose 4*q = -0*q - 4*w + 72, -2*q + w = -42. What is the remainder when 54 is divided by q?
14
Let v(y) = y**3 + y**2 - 5*y - 1. Calculate the remainder when v(4) is divided by 12.
11
Let z(r) = r**3 - 9*r**2 - 14*r + 6. Calculate the remainder when z(11) is divided by 51.
43
Suppose -y - 8 = y, -z + 3*y = -37. What is the remainder when 73 is divided by z?
23
Let l(a) = -4 - 3*a + 2*a + 4 + 1. What is the remainder when 9 is divided by l(-5)?
3
Let d(j) = -6 - j**3 - 4*j + 3*j**3 - 5*j**2 - j**3. Calculate the remainder when 22 is divided by d(6).
4
Let m(q) = -q**2 - 11*q + 3. Let b be m(-11). Suppose b*n + 17 = 50. What is the remainder when 32 is divided by n?
10
Let k be 186/4 - 3/6. Suppose 4*f - 219 = 81. Let z = f - k. What is the remainder when z is divided by 10?
9
Let l(r) = -r**3 + 3*r**2 + 3*r + 2. What is the remainder when l(3) is divided by 6?
5
Suppose -4*z = -4*c + 188, -3*c = -4*z - 81 - 64. Let p = c + -21. What is the remainder when p is divided by 6?
4
Let m(r) = r**2 - 2*r + 1. Let y(i) = -2*i**3 - 3*i**2 + 2*i - 4. What is the remainder when y(-3) is divided by m(-2)?
8
Suppose 3*b - 2*o - 12 = 17, 3*b - 24 = 3*o. Let i = b + 27. What is the remainder when i is divided by 14?
12
Calculate the remainder when (-196)/(-3) + 2 + 2/(-6) is divided by 23.
21
Suppose -q - w + 35 = 0, 2*q + w - 72 = -0*w. Suppose -4*f - 6*d + q = -3*d, f + 4*d - 6 = 0. Calculate the remainder when 38 is divided by f.
8
Let i(q) be the second derivative of 1/2*q**3 - 11/2*q**2 - q + 0. What is the remainder when i(8) is divided by 7?
6
Let g(l) = l**3 + 5*l**2 - 8*l + 2. Calculate the remainder when 25 is divided by g(-6).
11
Let y(z) = z**2 + z - 8. Suppose -4*j = 5*l - 159, -29 = -l + 3*j + 18. Calculate the remainder when l is divided by y(4).
11
Let p(y) = y**2 - 8*y + 5. Let a be p(9). Let m = a + -26. Let j = 2 - m. Calculate the remainder when j is divided by 4.
2
Suppose 0 = -n + 5*a + 2 + 22, 5*n = -a + 16. Suppose n*j = -11 + 31. What is the remainder when 18 is divided by j?
3
Suppose 0*g + 75 = 5*g. What is the remainder when 2/(-3) - (-1720)/60 is divided by g?
13
Let i = 51 + -33. Calculate the remainder when 71 is divided by i.
17
Let t = -1 + 0. Let c be ((-1)/3)/(t/6). Let h = 4 + c. Calculate the remainder when h is divided by 4.
2
Let s = 3 - 1. Suppose 4*j - 4*x = 0, 3*j = -0*x + x + 6. Calculate the remainder when j is divided by s.
1
Suppose 16 = j + 6. What is the remainder when 58 is divided by j?
8
What is the remainder when (-1348)/(-26) - (-48)/312 is divided by -1 + (-1 + 19 - -1)?
16
Suppose -o - 3*o + 204 = 0. Calculate the remainder when o is divided by 18.
15
What is the remainder when 36 is divided by 32/24*66/4?
14
Let u = -1 - -21. Suppose 2*p + u - 54 = 0. Calculate the remainder when p is divided by 5.
2
Suppose 0 = -3*j + 4*g + 21, -j + g + g + 5 = 0. What is the remainder when 19 is divided by j?
8
Suppose 0 = -o + 7*o - 252. What is the remainder when o is divided by 9?
6
Let s = 0 + 37. Suppose -3*m + 3*b + 34 = 5*b, -m + 20 = 5*b. What is the remainder when s is divided by m?
7
Suppose 36*a - 78 = 35*a. Calculate the remainder when a is divided by 20.
18
Suppose p - 5 = -0*p. What is the remainder when (-14)/6*(-2 - 1) is divided by p?
2
Let k = 17 + 21. What is the remainder when k is divided by 20?
18
Let q be (-8)/2 - -8 - 3. Suppose 4*x - q - 35 = 0. Calculate the remainder when 15 is divided by x.
6
Calculate the remainder when 53 is divided by (-9)/(8/(-10) - 14/20).
5
Let t = -39 + 83. Let k(j) = j**3 + j**2 + 15. Suppose -3*i + 4 - 19 = 0, -3*h + 2*i = -10. Calculate the remainder when t is divided by k(h).
14
Suppose 3*h - 64 = 113. Let i = 39 - 56. Let g = 37 + i. What is the remainder when h is divided by g?
19
Let q(w) = -4 - 2*w - w**3 + 5*w**2 - 1 + 0*w**3. Let v be q(4). Let j(c) = 5*c**2 - 3. Calculate the remainder when j(v) is divided by 22.
20
Let n(g) = -g**3 - g**2 + g + 11. Calculate the remainder when 19 is divided by n(0).
8
Let k(b) = -8*b - 2. Suppose 0*v - 3*h = -2*v - 4, 0 = 3*v + 3*h + 21. Let y = v - -14. Calculate the remainder when y is divided by k(-1).
3
Suppose 2*a - 87 = 2*z - 5*z, -z - 4*a = -19. What is the remainder when 123 is divided by z?
30
Suppose 2*i - 17 = -k, -2*k + 3*i - 4*i = -19. Let s = -4 + k. Suppose s*p = 3, 0*p + 11 = 5*y - 4*p. What is the remainder when 5 is divided by y?
2
Suppose 1 + 2 = 3*x, a + 3*x - 8 = 0. Suppose 8 = 4*u - 8*u. What is the remainder when (-1 + -13)*u/2 is divided by a?
4
Suppose 17 = 3*m - 7. Calculate the remainder when m is divided by 6.
2
Let f = 24 + -14. Suppose m + m = -f. What is the remainder when 17 is divided by (1 + 0)*(-25)/m?
2
Let q(v) = -v**2 + 3*v + 1. Let y be q(2). Suppose -p + y = 23. Let s = 0 - p. Calculate the remainder when 59 is divided by s.
19
Let z be (0 + 3/(-6))*0. Suppose -f - 3*h + 49 = z, -4*h + 94 = 2*f + h. What is the remainder when f is divided by 13?
11
What is the remainder when 6 is divided by (-2)/(-4)*(3 - -1)?
0
Let m(w) = 11*w**2 + 2*w - 1. Let k be m(1). Let t = k - 7. What is the remainder when 13 is divided by t?
3
Let w(t) = 10*t**2 + 2*t - 1. Let o be w(1). Let h = o - -8. Calculate the remainder when 55 is divided by -1*(-3 - -2)*h.
17
Let d(g) be the third derivative of g**4/24 + 8*g**3/3 + 3*g**2. Let z = 3 - 10. What is the remainder when 17 is divided by d(z)?
8
Let v(j) = j**3 - j**2 - j + 5. Let q be v(-3). What is the remainder when (-637)/q - 1/(-4) is divided by 8?
7
What is the remainder when 68 is divided by ((-576)/(-20))/3 + (-4)/(-10)?
8
Suppose 16 = 5*d + 1, -1